ppose -g*u - 5*t = -3*u - 93, 5*u = 5*t + 585. Is u composite?
False
Let v = -817 - -12434. Is v a composite number?
False
Let k = 158 + -52. Let b = k + -49. Is b composite?
True
Let q(y) = 97*y**2 - 8*y - 4. Let d be q(6). Suppose -5*j + 3*h + d = 0, 3*j + 0*h + 4*h = 2093. Is j prime?
True
Let g(m) = -m**2 - 8*m - 1. Let p be g(-5). Suppose 4*z = 3*t + 176, -4*z - t = 3*t - 204. Let i = z - p. Is i a composite number?
True
Let y = -4 - -9. Let c be (-3)/y + 299/65. Is 6/c*(-254)/(-3) a prime number?
True
Let y be 8562/18 + 2/6. Suppose -2*i = 2*i - y. Is i a composite number?
True
Let i(b) = -b**2 + 5*b - 6. Let u be i(4). Let y(x) = -x**3 - 21*x**2 - 24*x - 18. Let f be y(-20). Is (-2)/u - f*-13 a composite number?
True
Let r = 21808 + -12661. Is r composite?
True
Suppose 4*m = m + 9228. Suppose -5*s + m = -s. Is s a prime number?
True
Let f be (-1060)/(16/10 + -2). Suppose -3*u - 4*t + 204 = -f, 4*u - 5*t - 3857 = 0. Is u prime?
False
Is (11 - 14) + 7124 + 0 prime?
True
Suppose -35 = -5*o + 15. Suppose 10*l - o = 5*l. Suppose l*q + n + 0*n - 90 = 0, n = -2. Is q a composite number?
True
Let k(p) be the second derivative of p**5/20 + p**4/4 - p**2/2 + 16*p. Suppose -j - 5*i = -8, 0 = 4*j - i - 0*i - 11. Is k(j) a prime number?
True
Suppose 4*m - 11 = 9. Suppose 4*n + r - 13 = 0, 5*n + 2*r - 23 = 3*r. Suppose 0 = -3*t - m*o + 280, 7 = -n*o + 27. Is t a composite number?
True
Let j = -22307 - -45496. Is j composite?
False
Suppose -4*p = 2*f - 10, 0 = p + 3*p - 4*f - 40. Suppose 3*n = p*n - 8. Suppose -n*b + 208 = g - 641, 2*b = -5*g + 447. Is b a composite number?
False
Suppose -3*d - 3*a - 719 = -8*a, -4*a + 1207 = -5*d. Is d/(-7) - (-26)/91 composite?
True
Let k(z) = 72*z**2 - z - 6. Let h(i) be the first derivative of -i**3/3 - i + 2. Let u(s) = -6*h(s) + k(s). Is u(-1) composite?
False
Suppose 0 = 5*r - 2*r - 5*s + 20, -4 = 2*r - s. Suppose -3*l - 5 = t, r*l - 2*l = 8. Is t a composite number?
False
Suppose -4*d + 15 = -d. Is 953/6 + d/30 a prime number?
False
Is 265 + (-18)/30*5 a prime number?
False
Suppose -2*i + 3*t + 16056 = 0, 0 = -4*i + 2*t + 21161 + 10959. Is i a composite number?
True
Let w(y) = 3*y + 7. Let z be w(-6). Let j(q) = -q - 6. Let b be j(z). Suppose -b*r + 165 + 260 = 0. Is r a composite number?
True
Let c be (-54)/(-7) + (-10)/(-35). Suppose 7*i - 14*i + 8330 = 0. Is i/c + (-1)/(-4) prime?
True
Let j(y) be the second derivative of 7*y**4/4 - y**3 - 5*y**2 - 18*y. Is j(-7) composite?
False
Suppose 39*m = 15*m + 255336. Is m a composite number?
False
Suppose -2*d = -3*d. Suppose 2*r - x - 759 = d, -2*r - 4*x = -3*r + 362. Is r prime?
False
Let a = 57 + -48. Suppose a*w + 3766 = 25681. Is w a prime number?
False
Let v be 8/4 + 3/3. Suppose v*u = -2*s + 252, -2*s + s = -5*u - 152. Suppose 5*j - 131 = -3*o, -4*o + 6*j - 2*j = -s. Is o a prime number?
True
Let r = -36 + 20. Let m be 1/((-3 + -1)/r). Suppose m*l + 12 = 52. Is l composite?
True
Let c = -154 + 1875. Is c prime?
True
Let g(l) = -33*l - 26. Let s be (-54)/5 + 2/(-10). Let p be (s/3)/(2/6). Is g(p) composite?
False
Suppose -2*m + 4*m = 5*n - 6916, -n + 1394 = -4*m. Is n a prime number?
False
Let i(x) = 203*x + 81. Is i(10) a composite number?
False
Suppose 0 = 4*c - 2*c. Is c/(-1) - (-6)/(6/155) a prime number?
False
Suppose 3*s = 4*o + 1234 + 7747, 2*s - o = 5994. Is s a prime number?
True
Let o = -54 - -39. Is (-1)/(o/10788) + 2/(-10) prime?
True
Let k be (24/30)/(4/90). Let o = 3 + k. Is o prime?
False
Suppose 0 = 3*b - 2*c - 11077, 0 = 4*c - 9*c - 10. Is b composite?
False
Let m = -49 - -109. Let t be m/18*(-6)/(-5). Suppose t*y - 8 = -4, -57 = -p + 5*y. Is p composite?
True
Let y = -74 - -157. Is y composite?
False
Let i(t) = -t**3 - 15*t**2 - 13*t + 16. Let z be i(-13). Let w = -100 - z. Is w prime?
True
Suppose -2*r = l - 23959, -3*r + 2335 = 4*l - 33596. Is r composite?
False
Suppose -3 = -a + 73. Let l = a - -265. Is l a prime number?
False
Let g = 649 - 449. Let z = g + -106. Suppose v = -v + z. Is v a composite number?
False
Suppose 870 = 5*z - 4010. Let y = z - 259. Is y prime?
False
Let v(g) = -12*g - 2*g**3 + 34 - 9*g**2 - 11 - 21. Is v(-7) a composite number?
False
Let y(c) = c**3 - 8*c**2 - 15*c - 5. Let t = 35 - 20. Is y(t) composite?
True
Suppose 796*d = 793*d + 35871. Is d a prime number?
False
Is (-107871)/(-21) - (-8)/28 composite?
True
Suppose 45*w - 3*m = 43*w + 12656, -3*m = -6. Is w a prime number?
False
Let j(x) = -19*x + 20. Let c be (-2)/(3 + (-147)/51). Let b be j(c). Let o = b - 216. Is o composite?
False
Suppose 4*d + 7*a - 11690 = 5*a, 5*d = 2*a + 14599. Is d a composite number?
True
Let f(r) = 4*r**2 + r - 2. Let n be (-2 + 1)/((-1)/(-17)). Let s = n + 20. Is f(s) a prime number?
True
Suppose 0 = -4*i + 14 + 2. Suppose -854 = -p + 459. Suppose i*r = -3*m + 1321, -m - p = -4*m + 4*r. Is m composite?
False
Suppose -2*f - 3*f = -10. Suppose 0 = 2*o + w - 3, -f*w - 2 = 2*o - 0*w. Suppose 0 = -3*n - 5*c + 134, o*n - 197 = -3*c - 0*c. Is n prime?
True
Suppose -4*i + 6*p - p - 17148 = 0, 4312 = -i - 5*p. Let w = i - -6337. Is w a composite number?
True
Let m = 2 + 0. Let d(z) = -16*z**3 + 2*z**2 - 2*z + 3. Let r(l) = -l**3 - l**2 - l. Let k(x) = -d(x) - 2*r(x). Is k(m) composite?
False
Suppose 9*w - 5*w = -24. Let a(h) = 21*h**2 - 5*h - 41. Is a(w) a composite number?
True
Suppose 4*z - 30 = -2*z. Suppose 5*r - 20 = z. Suppose 0 = -4*c + r*c - 139. Is c a prime number?
True
Let h be (-2)/((-888)/447 + 2). Let d = h - -291. Is 12*(-1 - d/(-8)) a composite number?
True
Let a(o) = -128*o - 3. Let y be a(-2). Let x = -389 + y. Let t = -23 - x. Is t a prime number?
True
Let p(r) = -r**3 - 6*r**2 - 7*r - 6. Let h(t) = -2*t**3 + 10*t**2 - 9*t + 6. Let q be h(6). Let g be ((-12)/10)/((-18)/q). Is p(g) a composite number?
True
Suppose 6*s - 3678 - 264 = 0. Is s/2 - (-18)/36 a prime number?
False
Let v = -97 + 100. Is v/(-2)*(-221716)/66 prime?
True
Let o(h) = -h + 20. Let p be o(13). Suppose 1678 = n + a, 2*n - p*n + a = -8360. Is n composite?
True
Let n = -8 - -12. Suppose u - 2*d = 213, -2*u + 3*d = n*d - 421. Is u prime?
True
Let y(i) = 36665*i + 213. Is y(2) a prime number?
False
Suppose 4*s + 4*o = 12, 5*s + 0*o - 10 = -4*o. Is ((-7624)/16 - (s - 1))*-4 a composite number?
True
Let o = 65837 + -7126. Is o composite?
False
Let x(w) = 2*w**3 + 39*w**2 + 19*w + 8. Let s be x(-19). Suppose s*o - 3*o = 1115. Is o prime?
True
Is 5/(5/15034) - (35 - 38) a composite number?
True
Suppose 5*x + 25 = s, -2*s - 4*x - 20 = -s. Let a(b) = -2*b - 7. Let c be a(-5). Suppose s = c*r + r - 596. Is r prime?
True
Suppose 15*q = 19*q - 21216. Suppose -5300 = -2*b - 0*h - 2*h, 4*h - q = -2*b. Suppose -108 + b = 4*c. Is c prime?
False
Suppose 0 = 10*m - 9624 - 2306. Is m prime?
True
Let x = -29 + 31. Suppose 4*h + 4*l + 0*l = 212, -x*h = 5*l - 112. Is h prime?
False
Let w(z) = -588*z - 14. Let x be w(-6). Is (1/(3/x))/((-4)/(-6)) prime?
False
Let z be 33/6 + (-18)/12. Suppose z*s = -s + 1535. Is s a prime number?
True
Suppose -5*b - 2*z - z + 3 = 0, 0 = -4*b + 4*z + 28. Suppose -4*o + o + 2950 = 5*k, b*k - 1968 = -2*o. Is o/(5 + -2) + -4 prime?
False
Let t = 172 - 121. Suppose -5*a = -5*k + 375, 94 + t = 2*k - a. Suppose 4*d - k = 2*y + 152, 2*y = -4*d + 202. Is d composite?
False
Suppose -66*w = -60*w - 84. Suppose -w*x + 53755 = -x. Is x prime?
False
Let i(d) = 381*d + 29. Let m(t) = 127*t + 10. Let f(y) = 4*i(y) - 11*m(y). Is f(11) a prime number?
False
Let f = 53446 + -24473. Is f a prime number?
False
Let a be 4/((-1 - -6) + -3). Suppose 0 = -4*y + a*y + 972. Let g = 221 + y. Is g prime?
False
Suppose -2*r = -10, -458 = -2*k + 5*r + 137. Suppose 0 = -10*l - 4*l - 1974. Let t = l + k. Is t a composite number?
True
Is 96346/6 + (-42)/63 a composite number?
False
Let x(f) = -11*f**3 + 15*f**2 - 3*f + 12. Is x(-7) a prime number?
False
Suppose 0 = 3*c - 5*u - 3061, 616 = 4*c + 4*u - 3412. Let f = 1683 - c. Is f prime?
False
Is 530939/109 - (-3 + 0) a prime number?
False
Suppose -5*v - 12 - 8 = 0. Is v/((-24)/326)*3 a prime number?
True
Suppose k + 1 = 2*y - 3, -4*y + 4 = -3*k. Suppose -2*v + y*v = -10, -4*f = -2*v - 542. Is f a prime number?
False
Let j be 681*(2 + 4/(-4)). Let p = j + -300. Is p a prime number?
False
Let y(s) = 4*s - 13. Let o be y(6). Su